32
-5313 (base 7) to base 14
-97a
-40e (base 16) to base 14
-542
What is 100001110000 (base 2) in base 15?
990
1001111000001110 (base 2) to base 9
61447
Convert 106 (base 15) to base 3.
22120
Convert -3201202 (base 4) to base 15.
-4424
14052 (base 7) to base 5
110220
What is -1173 (base 13) in base 2?
-100110011100
Convert -835 (base 13) to base 7.
-4033
What is 313 (base 5) in base 14?
5d
Convert 71b (base 12) to base 11.
858
-180 (base 14) to base 12
-218
Convert -2123 (base 5) to base 3.
-101200
What is -cc (base 16) in base 13?
-129
5002 (base 7) to base 16
6b5
Convert -2b93 (base 13) to base 2.
-1100011100101
Convert 14450 (base 12) to base 15.
85a9
Convert -100132 (base 5) to base 16.
-c5f
What is 221002 (base 3) in base 15?
302
10123030 (base 4) to base 2
100011011001100
What is -5520 (base 6) in base 16?
-4f8
What is -106 (base 10) in base 6?
-254
1011331 (base 4) to base 11
3400
What is 10837 (base 12) in base 16?
55ab
What is -67b (base 16) in base 11?
-1279
10102 (base 4) to base 5
2044
Convert -122002 (base 4) to base 13.
-9b2
-21222 (base 3) to base 15
-e5
100011111000 (base 2) to base 4
203320
What is 32412 (base 10) in base 13?
119a3
Convert 11001001100101 (base 2) to base 8.
31145
Convert ff2c (base 16) to base 8.
177454
Convert -324 (base 6) to base 12.
-a4
Convert -34435 (base 6) to base 5.
-124134
Convert -100001021 (base 3) to base 4.
-1213003
-20853 (base 10) to base 4
-11011311
What is b79 (base 14) in base 13?
1051
What is 10113 (base 6) in base 3?
1211200
What is 1ca (base 15) in base 13?
25c
What is 58561 (base 10) in base 16?
e4c1
What is -550 (base 6) in base 13?
-132
-860 (base 10) to base 8
-1534
-11324 (base 6) to base 7
-4525
What is -50628 (base 9) in base 8?
-101045
Convert 7231 (base 14) to base 7.
111161
Convert 112001 (base 3) to base 11.
315
13b (base 12) to base 11
164
1117 (base 13) to base 6
15014
Convert -837 (base 13) to base 8.
-2566
-5808 (base 15) to base 7
-105320
Convert -75 (base 11) to base 12.
-6a
-3512a (base 11) to base 13
-1a125
What is -222 (base 6) in base 3?
-10012
What is 50353 (base 6) in base 14?
25ad
881a (base 12) to base 13
6a99
22232 (base 6) to base 14
11c8
Convert 1212a (base 14) to base 9.
66482
Convert -1170 (base 9) to base 10.
-873
What is -807 (base 12) in base 9?
-1527
What is -11000000011 (base 2) in base 6?
-11043
What is 72 (base 16) in base 2?
1110010
-3054 (base 7) to base 16
-42c
Convert 94c (base 15) to base 14.
a9b
Convert -200000 (base 3) to base 13.
-2b5
Convert 10330323 (base 4) to base 5.
1122113
393 (base 12) to base 4
20133
1861 (base 13) to base 12
2124
216 (base 9) to base 4
2301
11255 (base 6) to base 3
2012222
-10111 (base 7) to base 2
-100110011010
Convert -8068 (base 9) to base 13.
-28b5
Convert 647 (base 9) to base 2.
1000010001
Convert 4303 (base 13) to base 2.
10010001010010
Convert 95 (base 13) to base 7.
233
23204 (base 5) to base 3
2022012
Convert 5c8 (base 13) to base 14.
521
Convert -75622 (base 9) to base 2.
-1100001110011110
What is 1243 (base 7) in base 10?
472
Convert -263 (base 8) to base 5.
-1204
a5 (base 15) to base 2
10011011
What is 30146 (base 7) in base 2?
1110001110110
Convert -40132 (base 5) to base 8.
-4756
-1220201 (base 3) to base 7
-4033
6668 (base 9) to base 8
11472
Convert 1a7 (base 16) to base 13.
267
Convert 621 (base 9) to base 2.
111111001
What is -5543 (base 6) in base 3?
-1202200
-2551 (base 10) to base 16
-9f7
-514354 (base 6) to base 16
-a0de
-879 (base 11) to base 4
-100132
What is -540 (base 6) in base 14?
-108
3966 (base 10) to base 2
111101111110
What is -5004 (base 10) in base 8?
-11614
Convert -114 (base 7) to base 16.
-3c
29699 (base 10) to base 9
44658
Convert -1476 (base 8) to base 15.
-3a5
What is 3428 (base 10) in base 8?
6544
Convert 196 (base 10) to base 8.
304
-121410 (base 5) to base 14
-196d
What is 15274 (base 12) in base 3?
1111210221
Convert 3103 (base 7) to base 4.
100321
287 (base 10) to base 11
241
What is 12010 (base 5) in base 10?
880
-30330132 (base 4) to base 14
-15474
786 (base 10) to base 3
1002010
Convert 11000112210 (base 3) to base 10.
79131
Convert -612 (base 12) to base 13.
-527
-5010 (base 7) to base 14
-8b0
Convert -5779 (base 16) to base 2.
-101011101111001
Convert 2b0a (base 12) to base 15.
176a
What is 1047 (base 9) in base 6?
3324
Convert -ba (base 12) to base 11.
-11a
What is -25023 (base 7) in base 9?
-8860
Convert 5a1a (base 14) to base 3.
210112122
14991 (base 10) to base 11
10299
What is 3354 (base 8) in base 14?
908
What is 1c1c0 (base 13) in base 8?
153722
1020 (base 5) to base 3
12000
What is 11320120 (base 4) in base 8?
57030
What is -1233 (base 8) in base 10?
-667
14435 (base 6) to base 16
917
Convert 160 (base 10) to base 4.
2200
Convert -20001102 (base 3) to base 6.
-32232
Convert -1632 (base 8) to base 2.
-1110011010
What is 2416 (base 9) in base 3?
2110120
What is 2201 (base 10) in base 3?
10000112
Convert 22121101 (base 3) to base 8.
14202
Convert 5410 (base 7) to base 5.
30133
What is -12217 (base 8) in base 14?
-1cbd
1c8e (base 15) to base 4
1201001
733 (base 14) to base 15
647
-242101 (base 6) to base 14
-7a29
Convert 1718 (base 13) to base 8.
6511
Convert -2100201 (base 3) to base 15.
-79a
101111001000100 (base 2) to base 6
303420
Convert -903a (base 11) to base 3.
-121111021
Convert -234b (base 15) to base 11.
-56a5
Convert -4e5b (base 15) to base 8.
-40540
What is 8062 (base 10) in base 9?
12047
Convert -100210001 (base 3) to base 4.
-1233121
Convert -90 (base 11) to base 9.
-120
-4652 (base 10) to base 8
-11054
What is -244251 (base 6) in base 8?
-52307
13ad (base 16) to base 6
35153
Convert -35403 (base 7) to base 12.
-5339
-25e (base 16) to base 13
-378
Convert 16a (base 13) to base 7.
515
Convert -2122021 (base 5) to base 16.
-8c2e
What is -44 (base 5) in base 15?
-19
What is 1aa7 (base 14) in base 7?
20100
Convert -2072 (base 8) to base 7.
-3104
Convert 210212 (base 3) to base 12.
412
-7466 (base 13) to base 15
-4bae
c4a (base 15) to base 2
101011010010
a451 (base 14) to base 6
334555
Convert -187 (base 9) to base 16.
-a0
What is -5132 (base 7) in base 2?
-11011111011
-17713 (base 8) to base 5
-230024
Convert 212220120 (base 3) to base 9.
25816
Convert -23000203 (base 4) to base 3.
-2021212001
-11e3 (base 15) to base 16
-ee5
1ee4 (base 16) to base 14
2c4c
263 (base 11) to base 10
311
100013 (base 4) to base 12
71b
Convert 2e59 (base 15) to base 7.
41052
Convert 1c4 (base 15) to base 12.
2a1
-23613 (base 9) to base 14
-5a91
Convert 1101001001010 (base 2) to base 10.
6730
What is -21000210 (base 3) in base 4?
-1100010
What is 544 (base 16) in base 10?
1348
Convert -31a (base 12) to base 15.
-204
Convert -13011 (base 4) to base 12.
-319
What is 10021020 (base 3) in base 16?
94e
115041 (base 6) to base 12
5a81
Convert 1020220 (base 3) to base 16.
393
What is 1590 (base 15) in base 2?
1001000011011
What is -4421 (base 7) in base 2?
-11000101111
What is -3775 (base 16) in base 9?
-21424
43662 (base 10) to base 9
65803
8aa (base 12) to base 3
1202111
16188 (base 11) to base 12
11278
What is 2d1 (base 16) in base 14?
397
1449 (base 10) to base 13
876
What is -4bb (base 13) in base 5?
-11310
Convert -877 (base 10) to base 14.
-469
110087 (base 9) to base 13
23b90
-60030 (base 7) to base 6
-150443
Convert -1a69 (base 15) to base 4.
-1121130
What is -7c1 (base 14) in base 2?
-11000000101
What is -11033111 (base 4) in base 13?
-99cb
Convert 2380 (base 9) to base 15.
7d3
Convert 220303 (base 4) to base 12.
1617
What is 3241 (base 8) in base 11?
1303
-224012 (base 5) to base 3
-101222120
What is 122255 (base 6) in base 3?
112221222
Convert 497 (base 13) to base 14.
412
What is 22300 (base 9) in base 8?
34747
What is 22691 (base 11) in base 14?
bd2a
Convert -3667 (base 8) to base 3.
-2201011
What is 16a6 (base 12) in base 14?
dc2
Convert -4304 (base 9) to base 13.
-1594
818 (base 16) to base 9
2752
-4bd7 (base 14) to base 11
-a010
Convert -280 (base 13) to base 2.
-110111010
-308 (base 12) to base 14
-236
What is 6c (base 13) in base 16?
5a
What is 1321 (base 7) in base 10?
505
304023 (base 5) to base 3
111120020
What is b101 (base 13) in base 16?
5f11
-728 (base 11) to base 2
-1101101101
Convert -2535 (base 6) to base 15.
-2c5
What is -42 (base 12) in base 15?
-35
